{"id":823,"date":"2024-11-14T15:40:34","date_gmt":"2024-11-14T21:40:34","guid":{"rendered":"https:\/\/emprendeconellas.com\/index.php\/product\/bisuteria-personalizada-en-alambrismo\/"},"modified":"2024-12-16T23:08:43","modified_gmt":"2024-12-17T05:08:43","slug":"bisuteria-personalizada-en-alambrismo","status":"publish","type":"product","link":"https:\/\/emprendeconellas.com\/index.php\/product\/bisuteria-personalizada-en-alambrismo\/","title":{"rendered":"Bisuter\u00eda Personalizada en Alambrismo"},"content":{"rendered":"<p>Este conjunto de bisuter\u00eda personalizada incluye una cadena y argollas de acero, tejidas con alambre de cobre recubierto en pol\u00edmero, lo que garantiza que sean hipoalerg\u00e9nicas y duraderas. Cada pieza es elaborada a mano con precisi\u00f3n, asegurando una alta calidad. El anillo, tambi\u00e9n hecho a mano, est\u00e1 compuesto al 100% de este alambre recubierto, adapt\u00e1ndose a la medida exacta del cliente. Para el tejido, se utilizan cristales checos que pueden personalizarse seg\u00fan el tono de preferencia del cliente, creando as\u00ed una pieza \u00fanica y elegante.<\/p>\n<p>En cuanto a las tallas, ofrezco una gu\u00eda detallada para que los clientes puedan conocer su talla de anillo, que puede ser 6mm, 7mm, 8mm, 9mm o 10mm, o, si prefieren, tambi\u00e9n pueden solicitar un dise\u00f1o ajustable en caso de no conocer su talla exacta. Este proceso es personalizado, ya que explico paso a paso c\u00f3mo medir la talla en audios enviados a cada cliente que me contacte. El largo de la cadena tambi\u00e9n es personalizable, aunque la medida est\u00e1ndar es de 45 cm. El set completo de aretes, cadena y anillo tiene un costo de \u20a117.000. Sin embargo, las piezas tambi\u00e9n pueden venderse por separado, y el precio puede variar dependiendo del dise\u00f1o personalizado que se escoja.<\/p>\n","protected":false},"excerpt":{"rendered":"<p>Alma Libre<\/p>\n","protected":false},"featured_media":492,"comment_status":"open","ping_status":"closed","template":"","meta":{"om_disable_all_campaigns":false,"_monsterinsights_skip_tracking":false,"_monsterinsights_sitenote_active":false,"_monsterinsights_sitenote_note":"","_monsterinsights_sitenote_category":0},"product_brand":[],"product_cat":[25],"product_tag":[],"class_list":{"0":"post-823","1":"product","2":"type-product","3":"status-publish","4":"has-post-thumbnail","6":"product_cat-bisuteria","8":"first","9":"instock","10":"shipping-taxable","11":"purchasable","12":"product-type-simple"},"aioseo_notices":[],"jetpack_sharing_enabled":true,"_links":{"self":[{"href":"https:\/\/emprendeconellas.com\/index.php\/wp-json\/wp\/v2\/product\/823","targetHints":{"allow":["GET"]}}],"collection":[{"href":"https:\/\/emprendeconellas.com\/index.php\/wp-json\/wp\/v2\/product"}],"about":[{"href":"https:\/\/emprendeconellas.com\/index.php\/wp-json\/wp\/v2\/types\/product"}],"replies":[{"embeddable":true,"href":"https:\/\/emprendeconellas.com\/index.php\/wp-json\/wp\/v2\/comments?post=823"}],"wp:featuredmedia":[{"embeddable":true,"href":"https:\/\/emprendeconellas.com\/index.php\/wp-json\/wp\/v2\/media\/492"}],"wp:attachment":[{"href":"https:\/\/emprendeconellas.com\/index.php\/wp-json\/wp\/v2\/media?parent=823"}],"wp:term":[{"taxonomy":"product_brand","embeddable":true,"href":"https:\/\/emprendeconellas.com\/index.php\/wp-json\/wp\/v2\/product_brand?post=823"},{"taxonomy":"product_cat","embeddable":true,"href":"https:\/\/emprendeconellas.com\/index.php\/wp-json\/wp\/v2\/product_cat?post=823"},{"taxonomy":"product_tag","embeddable":true,"href":"https:\/\/emprendeconellas.com\/index.php\/wp-json\/wp\/v2\/product_tag?post=823"}],"curies":[{"name":"wp","href":"https:\/\/api.w.org\/{rel}","templated":true}]}}