{"id":813,"date":"2024-11-14T15:40:29","date_gmt":"2024-11-14T21:40:29","guid":{"rendered":"https:\/\/emprendeconellas.com\/index.php\/product\/buzo-de-uniforme-de-preescolar\/"},"modified":"2025-06-03T14:39:09","modified_gmt":"2025-06-03T20:39:09","slug":"buzo-de-uniforme-de-preescolar","status":"publish","type":"product","link":"https:\/\/emprendeconellas.com\/index.php\/product\/buzo-de-uniforme-de-preescolar\/","title":{"rendered":"Buzo de uniforme de preescolar"},"content":{"rendered":"<p>Buzo escolar ideal para uso diario en instituciones educativas. Confeccionado con tela rodeo, resistente y duradera, y con forro interno tipo kiana que brinda mayor comodidad y abrigo.<\/p>\n<p>Cuenta con pu\u00f1os de resorte para un ajuste c\u00f3modo y cuenta con bolsas a los costados. Puede llevar el logo de la instituci\u00f3n bordado.<\/p>\n","protected":false},"excerpt":{"rendered":"<p>Violet Design<\/p>\n","protected":false},"featured_media":1705,"comment_status":"open","ping_status":"closed","template":"","meta":{"om_disable_all_campaigns":false,"_monsterinsights_skip_tracking":false,"_monsterinsights_sitenote_active":false,"_monsterinsights_sitenote_note":"","_monsterinsights_sitenote_category":0},"product_brand":[],"product_cat":[24],"product_tag":[],"class_list":{"0":"post-813","1":"product","2":"type-product","3":"status-publish","4":"has-post-thumbnail","6":"product_cat-confeccion-costura","8":"first","9":"instock","10":"shipping-taxable","11":"purchasable","12":"product-type-variable"},"aioseo_notices":[],"jetpack_sharing_enabled":true,"_links":{"self":[{"href":"https:\/\/emprendeconellas.com\/index.php\/wp-json\/wp\/v2\/product\/813","targetHints":{"allow":["GET"]}}],"collection":[{"href":"https:\/\/emprendeconellas.com\/index.php\/wp-json\/wp\/v2\/product"}],"about":[{"href":"https:\/\/emprendeconellas.com\/index.php\/wp-json\/wp\/v2\/types\/product"}],"replies":[{"embeddable":true,"href":"https:\/\/emprendeconellas.com\/index.php\/wp-json\/wp\/v2\/comments?post=813"}],"wp:featuredmedia":[{"embeddable":true,"href":"https:\/\/emprendeconellas.com\/index.php\/wp-json\/wp\/v2\/media\/1705"}],"wp:attachment":[{"href":"https:\/\/emprendeconellas.com\/index.php\/wp-json\/wp\/v2\/media?parent=813"}],"wp:term":[{"taxonomy":"product_brand","embeddable":true,"href":"https:\/\/emprendeconellas.com\/index.php\/wp-json\/wp\/v2\/product_brand?post=813"},{"taxonomy":"product_cat","embeddable":true,"href":"https:\/\/emprendeconellas.com\/index.php\/wp-json\/wp\/v2\/product_cat?post=813"},{"taxonomy":"product_tag","embeddable":true,"href":"https:\/\/emprendeconellas.com\/index.php\/wp-json\/wp\/v2\/product_tag?post=813"}],"curies":[{"name":"wp","href":"https:\/\/api.w.org\/{rel}","templated":true}]}}