{"id":776,"date":"2024-11-14T15:40:22","date_gmt":"2024-11-14T21:40:22","guid":{"rendered":"https:\/\/emprendeconellas.com\/index.php\/product\/delantales-bordados\/"},"modified":"2025-06-25T18:09:03","modified_gmt":"2025-06-26T00:09:03","slug":"delantales-bordados","status":"publish","type":"product","link":"https:\/\/emprendeconellas.com\/index.php\/product\/delantales-bordados\/","title":{"rendered":"Delantales bordados"},"content":{"rendered":"<p><span style=\"font-weight: 400;\">Delantales elaborados en tela tropical, decorados con delicadas figuras bordadas a mano y confeccionadas con telas de algod\u00f3n. Cada pieza mide aproximadamente 68 cm de largo por 61 cm de ancho, ofreciendo un dise\u00f1o funcional, resistente y con un toque artesanal \u00fanico.<\/span><\/p>\n","protected":false},"excerpt":{"rendered":"<p>Creaciones Sarita<\/p>\n","protected":false},"featured_media":1838,"comment_status":"open","ping_status":"closed","template":"","meta":{"om_disable_all_campaigns":false,"_monsterinsights_skip_tracking":false,"_monsterinsights_sitenote_active":false,"_monsterinsights_sitenote_note":"","_monsterinsights_sitenote_category":0},"product_brand":[],"product_cat":[24],"product_tag":[],"class_list":{"0":"post-776","1":"product","2":"type-product","3":"status-publish","4":"has-post-thumbnail","6":"product_cat-confeccion-costura","8":"first","9":"instock","10":"shipping-taxable","11":"purchasable","12":"product-type-variable"},"aioseo_notices":[],"jetpack_sharing_enabled":true,"_links":{"self":[{"href":"https:\/\/emprendeconellas.com\/index.php\/wp-json\/wp\/v2\/product\/776","targetHints":{"allow":["GET"]}}],"collection":[{"href":"https:\/\/emprendeconellas.com\/index.php\/wp-json\/wp\/v2\/product"}],"about":[{"href":"https:\/\/emprendeconellas.com\/index.php\/wp-json\/wp\/v2\/types\/product"}],"replies":[{"embeddable":true,"href":"https:\/\/emprendeconellas.com\/index.php\/wp-json\/wp\/v2\/comments?post=776"}],"wp:featuredmedia":[{"embeddable":true,"href":"https:\/\/emprendeconellas.com\/index.php\/wp-json\/wp\/v2\/media\/1838"}],"wp:attachment":[{"href":"https:\/\/emprendeconellas.com\/index.php\/wp-json\/wp\/v2\/media?parent=776"}],"wp:term":[{"taxonomy":"product_brand","embeddable":true,"href":"https:\/\/emprendeconellas.com\/index.php\/wp-json\/wp\/v2\/product_brand?post=776"},{"taxonomy":"product_cat","embeddable":true,"href":"https:\/\/emprendeconellas.com\/index.php\/wp-json\/wp\/v2\/product_cat?post=776"},{"taxonomy":"product_tag","embeddable":true,"href":"https:\/\/emprendeconellas.com\/index.php\/wp-json\/wp\/v2\/product_tag?post=776"}],"curies":[{"name":"wp","href":"https:\/\/api.w.org\/{rel}","templated":true}]}}