{"id":1491,"date":"2025-01-17T16:43:44","date_gmt":"2025-01-17T22:43:44","guid":{"rendered":"https:\/\/emprendeconellas.com\/?post_type=product&#038;p=1491"},"modified":"2025-06-25T16:35:11","modified_gmt":"2025-06-25T22:35:11","slug":"vestido-coctel-ninas","status":"publish","type":"product","link":"https:\/\/emprendeconellas.com\/index.php\/product\/vestido-coctel-ninas\/","title":{"rendered":"Vestido coctel ni\u00f1as"},"content":{"rendered":"<p><span data-sheets-root=\"1\"> Este es un vestido de gala infantil exclusivo de la marca espa\u00f1ola Barcarola, reconocida por su elegancia y alta calidad en la moda infantil. La prenda est\u00e1 confeccionada al 100% en seda, lo que le aporta un brillo y textura \u00fanicos. El vestido est\u00e1 dise\u00f1ado en un vibrante color rojo, que a\u00f1ade un toque festivo y sofisticado, desde bodas hasta fiestas familiares<\/span><\/p>\n<p>Detalles del dise\u00f1o:<\/p>\n<p>Cintur\u00f3n decorado: El cintur\u00f3n lleva una aplicaci\u00f3n de flores rojas y blancas, adornadas con peque\u00f1os lazos verdes que le aportan contraste y un detalle l\u00fadico.<br \/>\nLazo en la espalda: La prenda incluye un lazo en la parte trasera, que aporta elegancia y un ajuste c\u00f3modo.<br \/>\nVuelitos en el ruedo: El borde del vestido est\u00e1 decorado con una capa de tela plisada blanca que a\u00f1ade volumen y movimiento al dise\u00f1o.<br \/>\nMangas con volantes: Las mangas tienen un acabado en volantes blancos, que combinan con el ruedo y le dan un toque rom\u00e1ntico al conjunto.<br \/>\nTallas disponibles: Este vestido est\u00e1 disponible en tallas para ni\u00f1as de 2, 3, 4 y 5 a\u00f1os.<\/p>\n","protected":false},"excerpt":{"rendered":"<p><span data-sheets-root=\"1\">Victoria&#8217;s Dream CR<\/span><\/p>\n","protected":false},"featured_media":1802,"comment_status":"open","ping_status":"closed","template":"","meta":{"om_disable_all_campaigns":false,"_monsterinsights_skip_tracking":false,"_monsterinsights_sitenote_active":false,"_monsterinsights_sitenote_note":"","_monsterinsights_sitenote_category":0},"product_brand":[],"product_cat":[24],"product_tag":[],"class_list":{"0":"post-1491","1":"product","2":"type-product","3":"status-publish","4":"has-post-thumbnail","6":"product_cat-confeccion-costura","8":"first","9":"instock","10":"shipping-taxable","11":"purchasable","12":"product-type-variable"},"aioseo_notices":[],"jetpack_sharing_enabled":true,"_links":{"self":[{"href":"https:\/\/emprendeconellas.com\/index.php\/wp-json\/wp\/v2\/product\/1491","targetHints":{"allow":["GET"]}}],"collection":[{"href":"https:\/\/emprendeconellas.com\/index.php\/wp-json\/wp\/v2\/product"}],"about":[{"href":"https:\/\/emprendeconellas.com\/index.php\/wp-json\/wp\/v2\/types\/product"}],"replies":[{"embeddable":true,"href":"https:\/\/emprendeconellas.com\/index.php\/wp-json\/wp\/v2\/comments?post=1491"}],"wp:featuredmedia":[{"embeddable":true,"href":"https:\/\/emprendeconellas.com\/index.php\/wp-json\/wp\/v2\/media\/1802"}],"wp:attachment":[{"href":"https:\/\/emprendeconellas.com\/index.php\/wp-json\/wp\/v2\/media?parent=1491"}],"wp:term":[{"taxonomy":"product_brand","embeddable":true,"href":"https:\/\/emprendeconellas.com\/index.php\/wp-json\/wp\/v2\/product_brand?post=1491"},{"taxonomy":"product_cat","embeddable":true,"href":"https:\/\/emprendeconellas.com\/index.php\/wp-json\/wp\/v2\/product_cat?post=1491"},{"taxonomy":"product_tag","embeddable":true,"href":"https:\/\/emprendeconellas.com\/index.php\/wp-json\/wp\/v2\/product_tag?post=1491"}],"curies":[{"name":"wp","href":"https:\/\/api.w.org\/{rel}","templated":true}]}}

Vestido coctel niñas

<p><span data-sheets-root="1"> Este es un vestido de gala infantil exclusivo de la marca española Barcarola, reconocida por su elegancia y alta calidad en la moda infantil. La prenda está confeccionada al 100% en seda, lo que le aporta un brillo y textura únicos. El vestido está diseñado en un vibrante color rojo, que añade un toque festivo y sofisticado, desde bodas hasta fiestas familiares</span></p>
<p>Detalles del diseño:</p>
<p>Cinturón decorado: El cinturón lleva una aplicación de flores rojas y blancas, adornadas con pequeños lazos verdes que le aportan contraste y un detalle lúdico.<br />
Lazo en la espalda: La prenda incluye un lazo en la parte trasera, que aporta elegancia y un ajuste cómodo.<br />
Vuelitos en el ruedo: El borde del vestido está decorado con una capa de tela plisada blanca que añade volumen y movimiento al diseño.<br />
Mangas con volantes: Las mangas tienen un acabado en volantes blancos, que combinan con el ruedo y le dan un toque romántico al conjunto.<br />
Tallas disponibles: Este vestido está disponible en tallas para niñas de 2, 3, 4 y 5 años.</p>
