{"id":2197,"date":"2025-10-08T23:03:06","date_gmt":"2025-10-09T05:03:06","guid":{"rendered":"https:\/\/emprendeconellas.com\/?page_id=2197"},"modified":"2025-10-08T23:10:37","modified_gmt":"2025-10-09T05:10:37","slug":"jardineria-y-agricultura","status":"publish","type":"page","link":"https:\/\/emprendeconellas.com\/index.php\/jardineria-y-agricultura\/","title":{"rendered":"Jardiner\u00eda y Agricultura"},"content":{"rendered":"\n<p class=\"has-black-color has-text-color has-link-color has-large-font-size wp-elements-c38fc5ceca7356627cc06abe7d0b0dbe\"><strong>Informaci\u00f3n sobre jardiner\u00eda y agricultura <\/strong><\/p>\n\n\n\n<p class=\"has-black-color has-text-color has-link-color has-medium-font-size wp-elements-78136e3dd33efb0bf91e8dd0d377bacc\">Explora los servicios que ofrecemos y d\u00e9jate sorprender por la calidad, dedicaci\u00f3n e innovaci\u00f3n que caracterizan a nuestras microempresarias.<\/p>\n\n\n\n<hr class=\"wp-block-separator has-alpha-channel-opacity is-style-wide\"\/>\n\n\n\n<p class=\"has-black-color has-text-color has-link-color has-medium-font-size wp-elements-fdec2aac519896a7e4b4afdac03aaf32\"><strong>Jard\u00edn Comestible Rodr\u00edguez Mes\u00e9n<\/strong> &#8211; <strong>Yaudy Priscilla Mes\u00e9n Luna <\/strong><\/p>\n\n\n\n<p class=\"justificar has-black-color has-text-color has-link-color has-medium-font-size wp-elements-a3a7282579d8097f22da85b55374f670\">Este emprendimiento ofrece una amplia variedad de hortalizas y plantas comestibles, producidas bajo pr\u00e1cticas agr\u00edcolas responsables que reducen el uso de insumos qu\u00edmicos. Algunos de sus productos ya son completamente libres de residuos, y su visi\u00f3n es alcanzar esta meta en toda su producci\u00f3n. Cada producto es cultivado con esmero, priorizando la salud del consumidor y el equilibrio con el entorno natural. <\/p>\n\n\n\n<p class=\"justificar has-black-color has-text-color has-link-color has-medium-font-size wp-elements-961c44405b167640806da4b17eddf80b\">Jard\u00edn Comestible Rodr\u00edguez Mes\u00e9n promueve una alimentaci\u00f3n m\u00e1s sana y una relaci\u00f3n armoniosa con la tierra.<\/p>\n\n\n\n<p class=\"justificar has-black-color has-text-color has-link-color has-medium-font-size wp-elements-2fe92a86273952d9fb7279017935e5da\"><strong> Productos disponibles:<\/strong><br>Tomate cherry (rojo y amarillo), Tomate saladette, Lechugas variadas, Apio, Kale, Acelga, Ar\u00fagula, Remolacha, Culantro (Castilla y coyote), Perejil, Tomillo, Plantas medicinales, Limones, entre otros.<br><\/p>\n\n\n\n<div class=\"wp-block-jetpack-send-a-message\">\n<div class=\"wp-block-jetpack-whatsapp-button is-color-dark\"><a class=\"whatsapp-block__button\" href=\"https:\/\/api.whatsapp.com\/send?phone=50663020183&amp;text=Hola%2C%20tengo%20la%20informaci%C3%B3n%20de%20WhatsApp%20de%20tu%20web.\" style=\"background-color:#25D366;color:#fff\" target=\"_self\" rel=\"noopener noreferrer\">Charlar en WhatsApp<\/a><\/div>\n<\/div>\n\n\n\n<div class=\"wp-block-jetpack-slideshow\" data-effect=\"slide\" style=\"--aspect-ratio:calc(640 \/ 640)\"><div class=\"wp-block-jetpack-slideshow_container swiper\"><ul class=\"wp-block-jetpack-slideshow_swiper-wrapper swiper-wrapper\"><li class=\"wp-block-jetpack-slideshow_slide swiper-slide\"><figure><img loading=\"lazy\" decoding=\"async\" width=\"1024\" height=\"1024\" alt=\"\" class=\"wp-block-jetpack-slideshow_image wp-image-2225\" data-id=\"2225\" data-aspect-ratio=\"640 \/ 640\" src=\"https:\/\/emprendeconellas.com\/wp-content\/uploads\/2025\/10\/20-1024x1024.png\"\/><\/figure><\/li><li class=\"wp-block-jetpack-slideshow_slide swiper-slide\"><figure><img loading=\"lazy\" decoding=\"async\" width=\"1024\" height=\"1024\" alt=\"\" class=\"wp-block-jetpack-slideshow_image wp-image-2224\" data-id=\"2224\" data-aspect-ratio=\"640 \/ 640\" src=\"https:\/\/emprendeconellas.com\/wp-content\/uploads\/2025\/10\/16-1024x1024.png\"\/><\/figure><\/li><li class=\"wp-block-jetpack-slideshow_slide swiper-slide\"><figure><img loading=\"lazy\" decoding=\"async\" width=\"1024\" height=\"1024\" alt=\"\" class=\"wp-block-jetpack-slideshow_image wp-image-2223\" data-id=\"2223\" data-aspect-ratio=\"640 \/ 640\" src=\"https:\/\/emprendeconellas.com\/wp-content\/uploads\/2025\/10\/15-1024x1024.png\"\/><\/figure><\/li><li class=\"wp-block-jetpack-slideshow_slide swiper-slide\"><figure><img decoding=\"async\" alt=\"\" class=\"wp-block-jetpack-slideshow_image wp-image-2218\" data-id=\"2218\" src=\"https:\/\/emprendeconellas.com\/wp-content\/uploads\/2025\/10\/14.png\"\/><\/figure><\/li><li class=\"wp-block-jetpack-slideshow_slide swiper-slide\"><figure><img loading=\"lazy\" decoding=\"async\" width=\"1024\" height=\"1024\" alt=\"\" class=\"wp-block-jetpack-slideshow_image wp-image-2217\" data-id=\"2217\" data-aspect-ratio=\"640 \/ 640\" src=\"https:\/\/emprendeconellas.com\/wp-content\/uploads\/2025\/10\/19-1024x1024.png\"\/><\/figure><\/li><li class=\"wp-block-jetpack-slideshow_slide swiper-slide\"><figure><img loading=\"lazy\" decoding=\"async\" width=\"1024\" height=\"1024\" alt=\"\" class=\"wp-block-jetpack-slideshow_image wp-image-2216\" data-id=\"2216\" data-aspect-ratio=\"640 \/ 640\" src=\"https:\/\/emprendeconellas.com\/wp-content\/uploads\/2025\/10\/13-1024x1024.png\"\/><\/figure><\/li><li class=\"wp-block-jetpack-slideshow_slide swiper-slide\"><figure><img loading=\"lazy\" decoding=\"async\" width=\"1024\" height=\"1024\" alt=\"\" class=\"wp-block-jetpack-slideshow_image wp-image-2206\" data-id=\"2206\" data-aspect-ratio=\"640 \/ 640\" src=\"https:\/\/emprendeconellas.com\/wp-content\/uploads\/2025\/10\/8-1-1024x1024.png\"\/><\/figure><\/li><li class=\"wp-block-jetpack-slideshow_slide swiper-slide\"><figure><img loading=\"lazy\" decoding=\"async\" width=\"1024\" height=\"1024\" alt=\"\" class=\"wp-block-jetpack-slideshow_image wp-image-2209\" data-id=\"2209\" data-aspect-ratio=\"640 \/ 640\" src=\"https:\/\/emprendeconellas.com\/wp-content\/uploads\/2025\/10\/12-1024x1024.png\"\/><\/figure><\/li><li class=\"wp-block-jetpack-slideshow_slide swiper-slide\"><figure><img loading=\"lazy\" decoding=\"async\" width=\"1024\" height=\"1024\" alt=\"\" class=\"wp-block-jetpack-slideshow_image wp-image-2210\" data-id=\"2210\" data-aspect-ratio=\"640 \/ 640\" src=\"https:\/\/emprendeconellas.com\/wp-content\/uploads\/2025\/10\/17-1024x1024.png\"\/><\/figure><\/li><li class=\"wp-block-jetpack-slideshow_slide swiper-slide\"><figure><img loading=\"lazy\" decoding=\"async\" width=\"1024\" height=\"1024\" alt=\"\" class=\"wp-block-jetpack-slideshow_image wp-image-2211\" data-id=\"2211\" data-aspect-ratio=\"640 \/ 640\" src=\"https:\/\/emprendeconellas.com\/wp-content\/uploads\/2025\/10\/9-1-1024x1024.png\"\/><\/figure><\/li><li class=\"wp-block-jetpack-slideshow_slide swiper-slide\"><figure><img loading=\"lazy\" decoding=\"async\" width=\"1024\" height=\"1024\" alt=\"\" class=\"wp-block-jetpack-slideshow_image wp-image-2213\" data-id=\"2213\" data-aspect-ratio=\"640 \/ 640\" src=\"https:\/\/emprendeconellas.com\/wp-content\/uploads\/2025\/10\/10-1024x1024.png\"\/><\/figure><\/li><li class=\"wp-block-jetpack-slideshow_slide swiper-slide\"><figure><img loading=\"lazy\" decoding=\"async\" width=\"1024\" height=\"1024\" alt=\"\" class=\"wp-block-jetpack-slideshow_image wp-image-2214\" data-id=\"2214\" data-aspect-ratio=\"640 \/ 640\" src=\"https:\/\/emprendeconellas.com\/wp-content\/uploads\/2025\/10\/11-1024x1024.png\"\/><\/figure><\/li><li class=\"wp-block-jetpack-slideshow_slide swiper-slide\"><figure><img loading=\"lazy\" decoding=\"async\" width=\"1024\" height=\"1024\" alt=\"\" class=\"wp-block-jetpack-slideshow_image wp-image-2205\" data-id=\"2205\" data-aspect-ratio=\"640 \/ 640\" src=\"https:\/\/emprendeconellas.com\/wp-content\/uploads\/2025\/10\/7-1-1024x1024.png\"\/><\/figure><\/li><li class=\"wp-block-jetpack-slideshow_slide swiper-slide\"><figure><img loading=\"lazy\" decoding=\"async\" width=\"1024\" height=\"1024\" alt=\"\" class=\"wp-block-jetpack-slideshow_image wp-image-2204\" data-id=\"2204\" data-aspect-ratio=\"640 \/ 640\" src=\"https:\/\/emprendeconellas.com\/wp-content\/uploads\/2025\/10\/5-1-1024x1024.png\"\/><\/figure><\/li><li class=\"wp-block-jetpack-slideshow_slide swiper-slide\"><figure><img loading=\"lazy\" decoding=\"async\" width=\"1024\" height=\"1024\" alt=\"\" class=\"wp-block-jetpack-slideshow_image wp-image-2203\" data-id=\"2203\" data-aspect-ratio=\"640 \/ 640\" src=\"https:\/\/emprendeconellas.com\/wp-content\/uploads\/2025\/10\/4-1-1024x1024.png\"\/><\/figure><\/li><li class=\"wp-block-jetpack-slideshow_slide swiper-slide\"><figure><img loading=\"lazy\" decoding=\"async\" width=\"1024\" height=\"1024\" alt=\"\" class=\"wp-block-jetpack-slideshow_image wp-image-2202\" data-id=\"2202\" data-aspect-ratio=\"640 \/ 640\" src=\"https:\/\/emprendeconellas.com\/wp-content\/uploads\/2025\/10\/6-1-1024x1024.png\"\/><\/figure><\/li><li class=\"wp-block-jetpack-slideshow_slide swiper-slide\"><figure><img loading=\"lazy\" decoding=\"async\" width=\"1024\" height=\"1024\" alt=\"\" class=\"wp-block-jetpack-slideshow_image wp-image-2200\" data-id=\"2200\" data-aspect-ratio=\"640 \/ 640\" src=\"https:\/\/emprendeconellas.com\/wp-content\/uploads\/2025\/10\/3-1-1024x1024.png\"\/><\/figure><\/li><li class=\"wp-block-jetpack-slideshow_slide swiper-slide\"><figure><img loading=\"lazy\" decoding=\"async\" width=\"1024\" height=\"1024\" alt=\"\" class=\"wp-block-jetpack-slideshow_image wp-image-2199\" data-id=\"2199\" data-aspect-ratio=\"640 \/ 640\" src=\"https:\/\/emprendeconellas.com\/wp-content\/uploads\/2025\/10\/2-1-1024x1024.png\"\/><\/figure><\/li><\/ul><a class=\"wp-block-jetpack-slideshow_button-prev swiper-button-prev swiper-button-white\" role=\"button\"><\/a><a class=\"wp-block-jetpack-slideshow_button-next swiper-button-next swiper-button-white\" role=\"button\"><\/a><a aria-label=\"Pause Slideshow\" class=\"wp-block-jetpack-slideshow_button-pause\" role=\"button\"><\/a><div class=\"wp-block-jetpack-slideshow_pagination swiper-pagination swiper-pagination-white\"><\/div><\/div><\/div>\n","protected":false},"excerpt":{"rendered":"<p>Informaci\u00f3n sobre jardiner\u00eda y agricultura Explora los servicios que ofrecemos y d\u00e9jate sorprender por la calidad, dedicaci\u00f3n e innovaci\u00f3n que caracterizan a nuestras microempresarias. Jard\u00edn Comestible Rodr\u00edguez Mes\u00e9n &#8211; Yaudy Priscilla Mes\u00e9n Luna Este emprendimiento ofrece una amplia variedad de hortalizas y plantas comestibles, producidas bajo pr\u00e1cticas agr\u00edcolas responsables que reducen el uso de insumos<\/p>\n<div class=\"more-link\">\n\t\t\t\t <a href=\"https:\/\/emprendeconellas.com\/index.php\/jardineria-y-agricultura\/\" class=\"link-btn\"><span>Seguir leyendo <\/span> <i class=\"icofont-thin-double-right\"><\/i><\/a>\n\t\t\t<\/div>\n","protected":false},"author":1,"featured_media":0,"parent":0,"menu_order":0,"comment_status":"closed","ping_status":"closed","template":"","meta":{"om_disable_all_campaigns":false,"_monsterinsights_skip_tracking":false,"_monsterinsights_sitenote_active":false,"_monsterinsights_sitenote_note":"","_monsterinsights_sitenote_category":0,"footnotes":""},"class_list":["post-2197","page","type-page","status-publish","hentry"],"aioseo_notices":[],"jetpack_sharing_enabled":true,"_links":{"self":[{"href":"https:\/\/emprendeconellas.com\/index.php\/wp-json\/wp\/v2\/pages\/2197","targetHints":{"allow":["GET"]}}],"collection":[{"href":"https:\/\/emprendeconellas.com\/index.php\/wp-json\/wp\/v2\/pages"}],"about":[{"href":"https:\/\/emprendeconellas.com\/index.php\/wp-json\/wp\/v2\/types\/page"}],"author":[{"embeddable":true,"href":"https:\/\/emprendeconellas.com\/index.php\/wp-json\/wp\/v2\/users\/1"}],"replies":[{"embeddable":true,"href":"https:\/\/emprendeconellas.com\/index.php\/wp-json\/wp\/v2\/comments?post=2197"}],"version-history":[{"count":3,"href":"https:\/\/emprendeconellas.com\/index.php\/wp-json\/wp\/v2\/pages\/2197\/revisions"}],"predecessor-version":[{"id":2230,"href":"https:\/\/emprendeconellas.com\/index.php\/wp-json\/wp\/v2\/pages\/2197\/revisions\/2230"}],"wp:attachment":[{"href":"https:\/\/emprendeconellas.com\/index.php\/wp-json\/wp\/v2\/media?parent=2197"}],"curies":[{"name":"wp","href":"https:\/\/api.w.org\/{rel}","templated":true}]}}